f i/4 + 9/4?
2
Let i(r) = -3*r**3 + r**2 + 2*r + 1. What is the units digit of i(-3)?
5
Let w(b) = -b**3 - b**2 + b + 32. Suppose 4*r = -r. What is the units digit of w(r)?
2
Let h = 43 - 62. Let c = 32 + h. What is the tens digit of c?
1
Suppose 0 = -4*p + 2*p - 3*f - 155, f + 76 = -p. Let h be (9/3)/((-3)/p). Suppose -4*b = w - h, b + w + w = 20. What is the units digit of b?
8
Let a(u) = 16*u - 58. What is the hundreds digit of a(21)?
2
Suppose -17 = -5*h - 2. Let m = h - 1. What is the units digit of m?
2
Let s(p) = 13*p**3. Let h be s(-1). Let y = h + 37. Suppose 7 = -w + y. What is the tens digit of w?
1
What is the hundreds digit of ((-112)/24)/(4/(-174))?
2
Suppose 6*s = s + 90. Suppose 0 = j - 2*j + s. What is the units digit of j?
8
Let u = -19 + 17. What is the units digit of (-13)/((2 + 0)/u)?
3
Suppose -2*s - 2*x = -5*x + 19, 2*s + 3*x - 11 = 0. What is the units digit of ((-9)/(-6))/((-1)/s)?
3
Let n(w) = -4*w**3 - w - 3*w**3 + 0*w**3 - w**2. Let f = 1 - 2. What is the units digit of n(f)?
7
Suppose 16 + 0 = 4*z. What is the units digit of z?
4
Let c = 233 - 27. What is the hundreds digit of c?
2
Let c = -10 + 13. Let d = c - -13. What is the tens digit of d?
1
Suppose -p + 6*p = 10. Let z(m) = 2*m**3 + m**2 + 3*m - 1. Let x be z(p). Suppose 5*k + 5*j - x = 0, 5*j = 4*k + 2*j - 6. What is the units digit of k?
3
Let j be (-2)/(-8) + 199/4. Let m be 2/(-2) + 1*10. What is the units digit of (-3)/m + j/6?
8
Suppose 2*z = 9*z - 1344. What is the units digit of z?
2
Let i be -2 + -1 + 7 + -1. Suppose i*o + 9 = -3*b + 8*b, -4*o + 8 = 0. What is the units digit of b?
3
Let c(k) be the second derivative of 15*k**4/4 + 7*k. What is the tens digit of c(-1)?
4
Let l(z) = 6*z + 37. What is the hundreds digit of l(11)?
1
Suppose 0 = 7*i - 5*i + 30. What is the tens digit of (-290)/i + 1/(-3)?
1
Let d be (-1 - 3)*(-2)/4. Suppose d*m - b - 14 = 0, m - 11 = -2*b + 6. What is the units digit of m?
9
What is the tens digit of 121*24/10 - (-42)/(-105)?
9
Let w be (-1 + 55)*(-4)/(-6). Suppose 3*d - 3*c = -w, -2*c = c - 15. Let l = 7 - d. What is the units digit of l?
4
Let h(r) = -r**2 + 13*r + 9. Let o(i) = -i**2 - 6*i + 2. Let p be o(-3). What is the units digit of h(p)?
1
What is the units digit of 2 + 4 + (-2 - -2)?
6
What is the hundreds digit of -2*2 + -1135*7/(-35)?
2
Suppose 0*j + 100 = 2*j. Suppose -j = -0*y - 5*y. What is the units digit of y?
0
Let q(j) = 6*j. Let n be q(-3). Let c = n - -29. What is the units digit of c?
1
Let o(k) = 6*k + 4. What is the tens digit of o(2)?
1
Suppose 5*l + 20 = l. Let i = l + 15. What is the units digit of i?
0
Let s be (-6 + (-1 - -4))*-1. Suppose s*n + 2*f + 10 = 2*n, -3*f - 15 = -2*n. Suppose 0 = -5*u - n + 5. What is the units digit of u?
1
Let h(t) = 23*t + 9. What is the units digit of h(6)?
7
Let f = 188 + -134. What is the units digit of f?
4
Let t(g) = g**3 - g + 3. Let l be t(0). Suppose 3 = z - l. What is the units digit of 4*3*1/z?
2
Suppose -5*p = -2*j - 52, -2*p - j = 3*p - 49. Let m(v) = 8*v**2 + 10*v - 14*v**2 + 2*v**2 + 3*v**2 + 9. What is the units digit of m(p)?
9
Let z(u) = u**3 + 4*u**2 + 3*u + 1. Suppose -9 = -2*h + h. Suppose -4*r - h = -r. What is the units digit of z(r)?
1
Let o(g) = g**3 - 6*g**2 + 4*g - 6. Suppose -5*x + 36 = 3*y, x - y - 3 = 1. What is the units digit of o(x)?
8
Suppose 5*i = 3*i - 8, 0 = -2*b - 4*i - 46. Let a = b - 1. What is the units digit of (0 - a/(-2))/(-2)?
4
Suppose -2*x = 2*x - 4*s - 44, 3*s = 0. Let y(t) = t + 4. Let n be y(3). Let d = x - n. What is the units digit of d?
4
Let y = -54 + 107. What is the units digit of y?
3
Suppose 4*f - 32 = -12. What is the units digit of f?
5
Let x be 26/10 - (-14)/35. Suppose -113 = -4*u + x*n, -2*n + 4 = -6. Suppose -2*y - 2 = -u. What is the tens digit of y?
1
Suppose 2*n - 2*z = 6, 0 = -5*n - 3*z + 2*z + 33. Suppose 0 = -0*q + q - n. What is the units digit of q?
6
Let t(s) = -s - 2. Let y be t(2). Let d be ((-8)/(-6))/(y/(-12)). Suppose 7 = d*a + 3. What is the units digit of a?
1
Suppose h - 4*p - 158 = 0, 210 = 2*h - 5*p - 121. What is the hundreds digit of h?
1
Let y be -9 - (-2 - -6 - 2). Let v(g) = -2*g - 8. Let u be v(y). Let o = -4 + u. What is the units digit of o?
0
Suppose -2*t - 4 = 2*z - 3*t, -9 = 3*z - 3*t. What is the units digit of (z + -2)*(-1 + -3)?
2
Suppose -4 + 8 = 3*z - m, -z = 2*m - 6. Let q(s) = -s**3 - 4*s**2 - 5*s + 3 + 3*s**2 + 2*s**z + 4*s**2. What is the units digit of q(3)?
6
Suppose -3*k + 13 = -2. Suppose 0*w = -3*w + 4*y + 73, k*w - 117 = 2*y. What is the units digit of w?
3
Let z = -30 - -17. Let w = -8 - z. Suppose -3*f - 2 + w = 0. What is the units digit of f?
1
Let z be (16/20)/((-2)/40). Let m = 29 + z. What is the units digit of m?
3
Suppose -b - 5*w - 16 = 0, 0*b + 5*w + 34 = -4*b. Let f = b - -9. Suppose -2*y + p + 3*p + 10 = 0, 4*y = -f*p + 9. What is the units digit of y?
3
Let h(c) = -7. Let d(f) = f + 6. Let u(x) = 3*d(x) + 2*h(x). What is the units digit of u(5)?
9
What is the units digit of (-28)/(-5)*(-50)/(-4)?
0
Suppose -26*x - 114 = -28*x. What is the tens digit of x?
5
Let g(h) = -h**2 + 11*h - 5. Suppose n = 5*n + 5*w - 53, 2*w = 10. What is the tens digit of g(n)?
2
Let o be 14/(-49) - 16/(-7). Suppose 3*x - 118 = -o*p, x = -4*x + 5*p + 230. What is the units digit of x?
2
Let a = 2 + -2. Suppose 3*c + a*c - 15 = -t, 30 = 3*c - 4*t. What is the units digit of c?
6
What is the tens digit of 314*(4 + 14/(-4))?
5
Suppose -5*u + 340 = -3*u. What is the tens digit of u?
7
Let g = 0 + -2. Let n be (15 - 1)*(-1)/g. What is the tens digit of (40/14)/(2/n)?
1
Let i = 63 - 23. What is the tens digit of i?
4
Let v(n) = n**2 - 4*n - 2. Let k = 18 + -11. What is the units digit of v(k)?
9
Let a = 1 + -1. Let y = a - -2. Let z(m) = 5*m - 2. What is the units digit of z(y)?
8
Suppose -5*r + 15 = -10*r. What is the units digit of (1/r)/((-2)/66)?
1
What is the units digit of (-1)/((-26)/(-14) - 2)?
7
Suppose t - 2*p - 10 = 17, t - 39 = 5*p. What is the tens digit of (t/(-4))/((-5)/20)?
1
Suppose b + 10 - 12 = 0. Suppose 7*d - 105 = b*d. What is the units digit of d?
1
Suppose 127*n = 133*n - 1284. What is the tens digit of n?
1
Suppose 0 = -0*l + 2*l. Suppose 3*h = n - 17 - 11, 0 = 4*n - 4. What is the units digit of (3 + (h - l))/(-2)?
3
What is the units digit of 6/(-4)*(-354)/9?
9
Let y = -2 + 1. Let b be -15*((y - -2) + -2). Suppose -4*p = -b - 1. What is the units digit of p?
4
Let z(c) = -c**3 - 9*c**2 + 10*c. Let o be z(-10). Suppose o = 2*b - 6 - 2, 2*p - 72 = 4*b. What is the tens digit of p?
4
Let k(v) = -v**3 + 7*v**2 + 6*v - 8. Let t be k(6). Let c = t + -27. What is the units digit of c?
7
Suppose 10 = p + p. Suppose 41 + 24 = p*o. What is the tens digit of o?
1
Let m(g) = -4*g + 7. What is the units digit of m(-6)?
1
Let t = 2 + -2. Suppose -8 = 2*m - t*m. What is the units digit of 0 - (1 - m)*-1?
5
Suppose 0 = m - 34 - 9. What is the units digit of m?
3
Suppose 0 = 3*k - 2*g - 14, -2*k + 5*g + 7 = 2*k. What is the units digit of k?
8
Let b(j) = j**2 + j + 4. What is the units digit of b(8)?
6
Let v(l) = 7*l**2 + 19*l + 5. What is the tens digit of v(-4)?
4
Let j(b) = 3*b**3 - 4*b**2 + 2*b + 2. Let a be j(2). Suppose 4*s = 38 + a. What is the tens digit of s?
1
Suppose v = -5 + 12. Let q(a) = 2*a - 3. Let o(w) = -2*w + 4. Let x(c) = 3*o(c) + 4*q(c). What is the units digit of x(v)?
4
Let x be 1/((3/(-18))/(-1)). Suppose -25 = -x*n + n. What is the units digit of n?
5
Suppose -27 = -5*p + 4*p. Suppose -6*h + 17*h = 33. Suppose -h*b + 39 = -2*l - 8, 3*b = -3*l + p. What is the units digit of b?
3
Suppose q - 1 - 14 = 0. What is the units digit of q?
5
Let d be (-1*3 + 1)*-1. Let j be d + -2 - -1 - -3. What is the units digit of j*(30/8 - 2)?
7
Let j = 5 + -7. Let w be ((-26)/6 - j)*-3. Let i = 13 - w. What is the units digit of i?
6
Let l(d) = 23*d - 1. Let y(o) = 47*o - 2. Let m(q) = 9*l(q) - 4*y(q). What is the units digit of m(1)?
8
Let p be 2/(-5) - 2/(-5). Suppose -10 + p = 5*t. Let d = 11 + t. What is the units digit of d?
9
Let h = -122 + 177. What is the units digit of h?
5
Let l(m) be the second derivative of 5*m**4/24 - m**3/6 - m**2 + 2*m. Let u(v) be the first derivative of l(v). What is the units digit of u(1)?
4
Suppose 6*p - 3*p + z = 83